*3 - 78*c**2 - 493*c + 94. Calculate g(-31).
1
Let r(m) = 21*m**3 - 333*m**2 - 49*m + 165. Give r(16).
149
Let l(j) = -42*j**2 - 1380*j - 4679. Calculate l(-29).
19
Let j(l) = 2*l**3 - 251*l**2 - 894*l - 1089. Determine j(129).
72
Let g(a) = 2*a**3 - 179*a**2 - 57963*a + 5208573. Calculate g(90).
3
Let x(s) = -s**3 - 82*s**2 + 482*s - 4049. Determine x(-88).
-1
Let u(j) = j**3 - 318*j**2 - 2617*j - 83. Calculate u(-8).
-11
Let y(f) = -2*f**3 - 25*f**2 + 42*f - 123. What is y(-15)?
372
Let t(m) = 170948*m - 683901. Calculate t(4).
-109
Let m(l) = -2*l**2 - 5275*l + 26412. What is m(5)?
-13
Let h(s) = -3*s**3 - 56*s**2 - 71*s - 175. Determine h(-17).
-413
Let b(m) = -12634*m - 1705604. Give b(-135).
-14
Let k(n) = n**3 + 547*n**2 + 16965*n + 1546. Give k(-514).
4
Let m(p) = 2*p**3 + 118*p**2 - 34*p - 1893. Calculate m(-59).
113
Let b(t) = -t**3 - 159*t**2 - 1205*t + 430. Calculate b(-151).
-23
Let f(m) = 3*m**2 - 474*m - 9318. Determine f(-19).
771
Let l(h) = 6499*h - 357468. What is l(55)?
-23
Let k(f) = -9*f**2 + 512*f + 4732. Give k(65).
-13
Let k(q) = -8*q**2 + 300*q - 607. What is k(2)?
-39
Let r(o) = 3*o**2 - 113*o - 5358. Determine r(-28).
158
Let y(z) = -z**3 + 74*z**2 - 308*z + 11806. Give y(72).
-2
Let u(b) = -40*b - 7462. Give u(-187).
18
Let b(z) = -z**3 - 42*z**2 + 349*z - 61. Give b(-49).
-355
Let x(p) = -p**2 + 184*p + 16436. Calculate x(-66).
-64
Let d(s) = -1225*s - 249. Give d(-1).
976
Let f(o) = o**3 + 11*o**2 + 113*o + 1499. Calculate f(-12).
-1
Let m(h) = 1742*h + 4521. Calculate m(-1).
2779
Let y(g) = -104198*g + 312565. Give y(3).
-29
Let z(m) = m**2 - 84*m + 304. Determine z(-16).
1904
Let l(u) = 2*u**3 + 115*u**2 - 441*u - 620. Determine l(-61).
234
Let t(x) = -x**3 - 200*x**2 + 2100*x - 1. What is t(10)?
-1
Let a(s) = 43*s**3 - 3*s**2 + 25*s + 105. Give a(0).
105
Let f(r) = r**3 + 22*r**2 + 1557*r + 32254. What is f(-21)?
-2
Let v(o) = 72*o + 16358. What is v(-224)?
230
Let h(c) = -6299*c + 12487. Determine h(2).
-111
Let g(f) = -505*f + 61930. Calculate g(123).
-185
Let j(n) = -2*n**3 - 230*n**2 + 280*n + 5612. Give j(-116).
44
Let s(z) = -66*z + 271. Calculate s(3).
73
Let f(w) = 22*w**2 - 52*w + 6. Give f(2).
-10
Let a(l) = 21766*l - 7161016. Determine a(329).
-2
Let d(j) = -j**3 - 44*j**2 + 4988*j - 387. What is d(-96)?
-3
Let l(n) = n**3 + 9*n**2 + 102*n + 823. Give l(-9).
-95
Let g(d) = 1508*d - 9431. What is g(5)?
-1891
Let h(c) = -96*c**2 - 686*c + 11635. Determine h(8).
3
Let a(n) = -517*n**2 + 23795*n - 809. What is a(46)?
-211
Let z(q) = -q**3 + 116*q**2 + 873*q + 59. Determine z(-7).
-25
Let z(n) = -721*n + 1564. Determine z(3).
-599
Let i(b) = -b**3 + 3*b**2 + 13*b - 55. Give i(-6).
191
Let b(m) = 208*m**2 + 26617*m - 942. Determine b(-128).
-46
Let j(g) = -2*g**3 - 623*g**2 - 1896*g + 80082. What is j(-308)?
2
Let l(n) = 173*n + 17606. Calculate l(-85).
2901
Let g(w) = -w**3 - 91*w**2 - 464*w - 2539. Determine g(-86).
385
Let v(x) = x**3 + 59*x**2 + 583*x + 1258. Calculate v(-3).
13
Let t(g) = 10*g**3 - 136*g**2 - 4*g - 41. What is t(14)?
687
Let m(p) = -8062*p + 64546. Give m(8).
50
Let b(q) = q**3 + 29*q**2 - 193*q + 982. What is b(-35)?
387
Let m(f) = 5751*f + 6906926. Give m(-1201).
-25
Let t(v) = -3*v**2 - 142*v - 40. Calculate t(-44).
400
Let s(a) = -39687*a - 39705. Determine s(-1).
-18
Let h(y) = -7*y**3 + 14*y**2 - 262*y + 1829. Determine h(7).
-1720
Let v(x) = -150*x + 8879. Give v(52).
1079
Let i(f) = -f**3 - 83*f**2 - 1737*f - 8208. Give i(-23).
3
Let c(i) = -473980*i + 21329093. Give c(45).
-7
Let y(c) = 2071*c + 10844. Give y(-5).
489
Let d(c) = 1438*c + 38905. Calculate d(-27).
79
Let r(z) = -13*z**2 - 5430*z + 1752. Calculate r(-418).
80
Let k(p) = -3398*p - 292170. What is k(-86)?
58
Let m(b) = 50*b**3 - 2*b**2 - 7*b + 11. Give m(1).
52
Let c(j) = j**3 + 25*j**2 + 401*j + 6679. Calculate c(-21).
22
Let s(q) = -1997*q - 531181. Give s(-266).
21
Let n(l) = -1920*l - 451191. What is n(-235)?
9
Let q(m) = -1094*m + 14259. Give q(13).
37
Let x(u) = 2279*u - 307635. Give x(135).
30
Let w(f) = 56*f + 10990. Determine w(-197).
-42
Let b(l) = 2*l**2 + 53928*l + 3282157. What is b(-61)?
-9
Let u(w) = -26*w**2 + 2474*w - 320. Give u(95).
60
Let y(b) = b**3 - 19*b**2 + 259*b - 4234. What is y(18)?
104
Let d(g) = -370*g - 45941. What is d(-122)?
-801
Let b(r) = -13*r**2 + 68*r + 205. Give b(7).
44
Let w(j) = -3610*j - 22208. Calculate w(-6).
-548
Let k(g) = g**2 + 3493*g + 41739. Calculate k(-12).
-33
Let y(v) = v**3 + 154*v**2 + 149*v - 533. Determine y(-153).
79
Let q(s) = 2*s**3 - 2285*s**2 - 10327*s + 4596. Give q(1147).
8
Let b(u) = -2353*u + 52157. Calculate b(22).
391
Let u(d) = d**3 - 53*d**2 + 542*d + 4164. Calculate u(32).
4
Let a(n) = -n**3 + 9*n**2 + 51*n - 411. What is a(9)?
48
Let b(d) = d**3 + 368*d**2 + 16700*d + 1627. What is b(-315)?
52
Let l(b) = -81*b + 21302. What is l(236)?
2186
Let f(x) = -x**3 + 21*x**2 + 37*x - 958. Determine f(21).
-181
Let u(f) = -124*f - 3914. Determine u(-34).
302
Let j(f) = 5*f**3 - 4*f**2 + 1459*f + 4549. Calculate j(-3).
1
Let o(j) = -16249*j - 308871. What is o(-19)?
-140
Let i(m) = -m**3 - 505*m**2 + 1184*m - 172724. Calculate i(-508).
-4
Let g(t) = 9*t**2 - 19765*t + 274960. Give g(14).
14
Let x(h) = 6*h**2 - 231*h - 347. Determine x(46).
1723
Let z(n) = -3*n**3 + 343*n**2 + 919*n - 117747. Calculate z(114).
15
Let f(m) = m**2 + 65*m + 640. Calculate f(-51).
-74
Let l(t) = -538*t + 4621. Determine l(9).
-221
Let a(j) = -j**3 - 86*j**2 - 630*j + 807. Calculate a(-9).
240
Let a(q) = -2*q**2 - 4623*q - 91667. Give a(-20).
-7
Let z(d) = -10*d**3 - 111*d**2 + 221*d - 44. Give z(-13).
294
Let f(c) = 11*c**2 - 31*c - 915. Give f(-11).
757
Let v(l) = 2*l**2 + 134*l + 1562. What is v(-18)?
-202
Let w(i) = -i**3 + 256*i**2 + 494*i - 43. Give w(-2).
1
Let l(n) = n**3 + 30*n**2 - 8126*n - 24587. What is l(-3)?
34
Let p(x) = -691*x + 30966. Determine p(45).
-129
Let r(i) = -i**3 + 56*i**2 + 736*i + 132. Give r(67).
65
Let t(r) = -984220*r + 60037423. Give t(61).
3
Let b(k) = 4*k**2 + 26342*k - 1033428. Calculate b(39).
-6
Let t(c) = -c**3 - 151*c**2 - 4998*c + 21. Calculate t(-102).
21
Let s(q) = 3*q**3 - 86*q**2 + 3182*q - 93134. Calculate s(29).
-15
Let f(t) = t**3 - 48*t**2 + 22*t - 1061. What is f(48)?
-5
Let d(o) = -o**3 + 189*o**2 + 678*o - 1458. Give d(-5).
2
Let p(n) = -n**2 + 262*n - 263. Determine p(1).
-2
Let j(o) = o**3 - 43*o**2 + 180*o - 330. Give j(37).
-1884
Let w(n) = -3*n**3 - 233*n**2 + 327*n - 871. Determine w(-79).
-1740
Let k(a) = -a**3 + 16*a**2 - 15*a - 474. Determine k(8).
-82
Let i(p) = 5806*p + 11618. What is i(-2)?
6
Let n(s) = s**3 - 25*s**2 - 2*s + 82. Calculate n(26).
706
Let b(h) = 240*h**2 + 23278*h - 209. Calculate b(-97).
-15
Let v(f) = 117*f + 777. Give v(-10).
-393
Let l(i) = -40607*i - 1136865. What is l(-28)?
131
Let p(z) = -3*z**2 - 38788*z - 774558. What is p(-20)?
2
Let u(n) = 14409*n**2 + 72046*n + 15. Calculate u(-5).
10
Let z(c) = -12*c**2 + 1387*c - 4001. Calculate z(113).
-498
Let c(m) = -35*m**2 - 478*m - 1612. What is c(-6)?
-4
Let r(z) = 434*z + 250. Give r(3).
1552
Let l(u) = -18*u**2 + 8350*u + 34607. Determine l(468).
-25
Let a(m) = 38*m**2 + 2535*m - 5069. What is a(2)?
153
Let x(v) = -9*v**3 + 528*v**2 - 262*v - 4948. Calculate x(58).
40
Let b(z) = -10*z**2 + 509*z - 127. Determine b(50).
323
Let b(h) = 5*h + 1560. What is b(-310)?
10
Let i(n) = 354*n + 10829. Give i(-32).
-499
Let d(i) = i**3 - 150*i**2 + 5611*i + 388. Calculate d(78).
-2
Let p(o) = 21596*o + 43196. Determine p(-2).
4
Let f(h) = -31178*h + 342970. What is f(11)?
12
Let i(f) = 6094*f + 633752. Give i(-104).
-24
Let k(c) = -2*c**3 - 47*c**2 + 717*c + 9799. Give k(-30).
-11
Let x(m) = m**2 + 9386*m - 1256323. Give x(132).
53
Let h(g) = 395492*g - 3954915. What is h(10)?
5
Let j(z) = 20*z**2 - 198*z - 60. Give j(-1).
158
Let r(n) = -20492*n - 143458. What is r(-7)?
-14
Let g(o) = -835138*o + 17537892. Give g(21).
-6
Let x(y) = -y**3 - 1533*y**2 + 9239*y + 12. What is x(6)?
42
Let c(v) = -16409*v - 131173. Calculate c(-8).
99
Let b(m) = 40*m**2 - 311*m + 836. Give b(3).
263
Let f(u) = 50*u**2 + 675*u - 347. Determine f(-14).
3
Let u(p) = 68*p**2 - 2250*p + 54. Calculate u(33).
-144
Let d(x) = 3985011*x - 19925055. What is d(5)?
0
Let w(k) = -